7
Let b(h) = -h**3 + 17*h**2 - 17*h + 2. Calculate b(16).
-14
Let k(v) = -3*v - 57. Determine k(-20).
3
Let i(b) = -7*b**2 + 16*b - 32. Give i(3).
-47
Let d(i) = -3*i**3 - 3*i**2 + 4*i + 3. Determine d(-2).
7
Let a(g) = -4*g**2 - 2*g + 1. Give a(2).
-19
Let d(q) = q**3 + q**2 + q - 10. Calculate d(0).
-10
Let z(v) = -3*v + 8. Calculate z(6).
-10
Let y(q) = q**3 + 8*q**2 + q - 1. What is y(-6)?
65
Let b(n) = -n**3 + 8*n**2 - 4*n + 7. Give b(7).
28
Let i(n) = -n + 12. What is i(7)?
5
Let x(r) = 5*r - 3. What is x(2)?
7
Let f(r) = -2*r + 4. Determine f(-2).
8
Let k(l) = -4*l + 35. Calculate k(7).
7
Let s(i) = -32*i + 282. Give s(9).
-6
Let p(q) = q - 2. Determine p(-6).
-8
Let i(o) = -o - 1. Give i(0).
-1
Let n(m) = -41*m - 708. Calculate n(-17).
-11
Let u(f) = f**3 + 9*f**2 - 8*f + 16. Give u(-10).
-4
Let l(c) = 70*c - 472. Calculate l(7).
18
Let z(o) = -3*o + 15. Give z(12).
-21
Let v(b) = 3*b**2. Give v(-1).
3
Let n(v) = v**3 - 9*v**2 + 8*v - 10. What is n(8)?
-10
Let q(x) = -2*x**3 - 27*x**2 + 22*x + 22. What is q(-14)?
-90
Let r(b) = b**2 - 14*b + 33. Give r(11).
0
Let n(w) = -w**3 - 4*w**2 + 76*w + 235. Give n(-3).
-2
Let a(k) = 3*k - 78. What is a(25)?
-3
Let j(a) = -a**2 + 5*a - 2. Give j(6).
-8
Let f(a) = -3*a**3 + 17*a**2 - 17*a + 8. Determine f(5).
-27
Let v(b) = -b**2 + 22*b - 30. Determine v(20).
10
Let c(s) = -8*s - 41. Calculate c(-7).
15
Let s(j) = -j**3 + 9*j**2 + 10*j + 10. Calculate s(10).
10
Let c(k) = -2*k**3 + 21*k**2 - 8*k + 14. What is c(10)?
34
Let n(m) = -14*m - 102. What is n(-7)?
-4
Let q(w) = w**2 - 10*w - 10. What is q(9)?
-19
Let y(n) = n + 1. Calculate y(2).
3
Let l(x) = x - 1. Give l(0).
-1
Let y(j) = j**3 - 10*j**2 + 9*j - 6. Calculate y(10).
84
Let w(b) = -2*b**3 + b**2 + 20*b - 37. Determine w(2).
-9
Let f(q) = q**3 - 8*q**2 + 9. Give f(4).
-55
Let g(q) = -2*q**2 - 6. Calculate g(-4).
-38
Let d(n) = n**3 - 6*n**2 + 4*n. What is d(5)?
-5
Let s(x) = 30*x**3 + 2*x**2 + x. What is s(-1)?
-29
Let w(d) = d**2 - 127*d - 653. What is w(-5)?
7
Let t(w) = 38*w + 616. What is t(-16)?
8
Let z(y) = 4*y - 7. What is z(-2)?
-15
Let h(p) = -2*p**2 + 5*p - 7. Calculate h(-3).
-40
Let b(f) = -f**3 - 9*f**2 - 10*f + 26. Calculate b(-7).
-2
Let j(c) = 3*c + 1. Determine j(-1).
-2
Let i(l) = l**3 + 8*l**2 - 14*l - 7. Give i(-10).
-67
Let i(k) = -k**2 - 7*k + 1. Determine i(-4).
13
Let f(q) = -q**3 + 11*q**2 - 32*q + 14. Determine f(6).
2
Let m(u) = -u**2 + 2*u + 50. Calculate m(-9).
-49
Let t(d) = 16*d - 75. Give t(5).
5
Let z(i) = i**2 - 2*i + 12. Determine z(6).
36
Let f(i) = -32*i + 106. Calculate f(4).
-22
Let k(g) = -g**2 + 9*g + 41. Determine k(12).
5
Let b(c) = c**2 + c - 4. What is b(6)?
38
Let j(f) = 9*f - 17. Determine j(-4).
-53
Let q(r) = -71*r - 217. Calculate q(-3).
-4
Let a(s) = s**3 + 3*s**2 + s - 3. Give a(-3).
-6
Let c(i) = 4*i - 2. Give c(1).
2
Let v(w) = -w**3 + 6*w**2 - 7*w + 4. Give v(4).
8
Let p(m) = -77*m + 622. Calculate p(8).
6
Let d(r) = -4*r**3 - r**2 + r - 6. Calculate d(2).
-40
Let o(f) = f**3 + 6*f**2 + 5*f - 6. Calculate o(-5).
-6
Let q(w) = 7*w + 2. Give q(-3).
-19
Let y(z) = z**3 - 104*z**2 - 105*z + 4. Give y(105).
4
Let y(d) = d**3 + 7*d**2 + d + 16. Determine y(-8).
-56
Let t(h) = 38*h**2 - h - 1. Determine t(-1).
38
Let u(i) = -2*i + 1. What is u(5)?
-9
Let i(a) = -31*a - 2. Calculate i(-2).
60
Let q(a) = -25*a - 1. Calculate q(1).
-26
Let o(p) = p + 43. Give o(-9).
34
Let x(a) = -a**2 - 11*a + 11. Calculate x(-11).
11
Let v(s) = -3*s + 3. What is v(3)?
-6
Let f(u) = u**2 + 8*u - 7. Give f(-9).
2
Let g(a) = -a + 6. What is g(13)?
-7
Let c(d) = -2*d**2 + 30*d + 10. Calculate c(17).
-58
Let m(q) = 3*q - 68. Calculate m(25).
7
Let j(u) = -54*u + 204. Calculate j(4).
-12
Let b(a) = a**3 - 10*a**2 - 10*a + 9. Give b(11).
20
Let d(y) = 4*y**2 - 2*y + 15. What is d(5)?
105
Let t(h) = 3*h - 22. Give t(9).
5
Let c(r) = -r**2 + 27. Calculate c(3).
18
Let f(n) = -n**3 - 9*n**2 - 16*n + 2. Determine f(-7).
16
Let p(q) = -2*q - 15. Give p(-11).
7
Let k(t) = -t**2 - 14*t + 6. What is k(-13)?
19
Let o(d) = -19*d - 118. Determine o(-6).
-4
Let f(g) = -g**3 + 18*g**2 - 22*g + 83. Calculate f(17).
-2
Let q(l) = 18*l + 144. Calculate q(-8).
0
Let q(b) = 4*b**2 - 82*b + 36. Determine q(20).
-4
Let y(q) = q**2 - 10*q + 22. Give y(4).
-2
Let z(y) = -2*y**2 - 21*y - 13. Calculate z(-6).
41
Let s(o) = o**3 - 50*o**2 - 3*o + 148. Calculate s(50).
-2
Let a(m) = -8*m**3 + 8*m**2 + 6*m. Calculate a(-1).
10
Let r(j) = 6*j**2 - 36*j + 19. Calculate r(6).
19
Let i(s) = -2*s**2 + 42*s - 6. Calculate i(0).
-6
Let o(p) = -p + 13. What is o(17)?
-4
Let g(n) = -n**2 - 15*n + 17. What is g(-17)?
-17
Let z(n) = -n**2 + 2*n + 5. What is z(3)?
2
Let t(m) = -5*m**3 - 10*m**2 - 8*m + 1. Determine t(-1).
4
Let w(a) = a**3 - 3*a**2 - 7*a + 6. Determine w(6).
72
Let a(n) = -30*n - 1. Determine a(1).
-31
Let v(m) = -92*m + 1644. Give v(18).
-12
Let l(g) = g**2 + 15*g - 11. Calculate l(-12).
-47
Let j(f) = -f - 19. Calculate j(-15).
-4
Let y(j) = 15*j - 208. What is y(12)?
-28
Let d(w) = 15*w - 28. What is d(10)?
122
Let g(y) = -y**3 + 15*y**2 - 11*y - 36. Determine g(14).
6
Let x(t) = -19*t + 484. Give x(25).
9
Let h(t) = -19*t + 13. Give h(-5).
108
Let d(g) = g**3 - 3*g**2 + 10*g - 10. What is d(5)?
90
Let x(h) = h**2 + 8*h + 7. Calculate x(-8).
7
Let x(o) = -o**2 + 11*o - 18. Determine x(8).
6
Let b(f) = 11*f - 32. Determine b(0).
-32
Let m(p) = p**3 + 4*p**2 - p + 5. What is m(-5)?
-15
Let y(h) = 4*h + 7. Calculate y(3).
19
Let c(a) = -a**2 - 4*a + 64. Calculate c(-11).
-13
Let n(h) = -h**3 - 12*h**2 + 11*h - 26. Calculate n(-13).
0
Let b(h) = h**3 - 14*h**2 - 17*h + 25. Calculate b(15).
-5
Let a(j) = -j**3 + j**2 - j + 28. Give a(0).
28
Let y(r) = -15*r + 1. Calculate y(-1).
16
Let d(q) = q**2 - 18*q - 7. Calculate d(13).
-72
Let g(j) = -39*j**3 - 3*j**2 - 2*j. Calculate g(-1).
38
Let p(m) = -m**3 - 5*m**2 + 7*m + 9. Calculate p(-6).
3
Let o(j) = 69*j**2 - 1104*j - 7. Calculate o(16).
-7
Let g(d) = d**3 + d**2 - d + 6. Give g(-3).
-9
Let j(a) = 108*a - 427. Give j(4).
5
Let k(q) = q**3 + 6*q**2 + 2*q - 9. Calculate k(-5).
6
Let k(h) = -2*h + 8. Calculate k(6).
-4
Let b(c) = -c**3 - 65*c**2 + 66*c - 3. Determine b(-66).
-3
Let i(b) = -3*b**3 - b**2 + b - 1. Give i(-2).
17
Let r(g) = -2*g - 8. Give r(-4).
0
Let v(r) = -2*r - 17. Determine v(-7).
-3
Let f(q) = -q**3 - 4*q**2 + 10*q + 29. Determine f(-5).
4
Let v(q) = q**2 + 9. Calculate v(-5).
34
Let i(x) = -2*x**2 - 8*x + 26. Calculate i(-6).
2
Let u(q) = q - 27. What is u(12)?
-15
Let y(f) = f**3 - 5*f + 3. Calculate y(3).
15
Let f(m) = m**3 - 43*m**2 + 83*m - 39. What is f(41)?
2
Let w(u) = -6*u**3 - u**2 + u + 1. What is w(-1)?
5
Let g(r) = 2*r + 5. Give g(-6).
-7
Let n(j) = j**3 - 3*j**2 - 6*j - 3. Give n(-2).
-11
Let m(f) = 4*f**2 + 7*f + 7. What is m(-2)?
9
Let z(s) = -14*s**2 + 2*s - 1. Calculate z(1).
-13
Let p(s) = -3*s**3 + 45*s**2 - 42*s - 15. Give p(14).
-15
Let m(z) = z**2 + 11*z + 2. Determine m(-11).
2
Let f(q) = -q**3 + 5*q + 1. Determine f(-2).
-1
Let u(l) = l**3 + l**2 + 2*l - 8. Determine u(0).
-8
Let c(s) = 15*s**2 + 10. Calculate c(-3).
145
Let h(n) = 2*n**2 + 12*n + 26. Give h(-3).
8
Let u(s) = s**3 + 10*s**2 + s + 13. Determine u(-10).
3
Let n(l) = -2*l**2 - 14*l. What is n(-8)?
-16
Let p(u) = u**2 + 15*u + 8. Give p(-14).
-6
Let x(v) = v**3 + 8*v**2 + 5*v + 41. What is x(-8)?
1
Let s(a) = a**3 - 42*a**2 + 41*a - 3. Calculate s(41).
-3
Let o(x) = -x**2 + 54*x + 363. Determine o(-6).
3
Let z(o) = o + 1. Determine z(2).
3
Let w(y) = y**3 + 10*y**2 - 6*y + 47. Determine w(-11).
-8
Let q(l) = 4*l**2 - 21*l + 14. Determine q(5).
9
Let s(a) = -a + 10. Give s(5).
5
Let m(n) = n**3 - 19*n**2 - 9*n + 167. Determine m(19).
-4
Let v(z) = z**2 + 21*z - 193. Calculate v(-28).
3
Let s(a) = -9*a**3 - a**2 - 4*a - 4. What is s(-1)?
8
Let j(u) = -4*u**3 - 2*u**2 - 3*u. Calculate j(-1).
5
Let y(n) = -n**2 - 5*n - 4. What is y(-4)?
0
Let i(c) = -c**2 + 14*c - 14. Calculate i(12).
10
Let i(t) = -5*t + 28. Determine i(-7).
63
Let m(q) = 11*q - 17. Calculate m(5).
38
Let v(q) = -q**3 - 22*q**2 + 22*q - 43. Calculate v(-23).
-20
Let n(k) = k + 19. Calculate n(-7).
12
Let k(u) = -16*u + 24. What is k(3)?
-24
Let r(q) = -11*q + 11. Calculate r(3).
-22
Let u(b) = 2*b**3 + 10*b**2 - 9*b